t w(i) = 7*i**3 - 12*i**2 - 6*i - 5. Let b(d) = 6*r(d) - 5*w(d). Calculate b(t).
-5
Let p(o) be the second derivative of 4*o**3/3 + o**2 - 4*o + 29. Calculate p(-6).
-46
Let d(r) = -8*r + 5. Let g = -166 - -170. Calculate d(g).
-27
Let l(o) = -o**2 + 7*o - 5. Let f be ((-6)/2)/(1/5). Let s be (8/(-4))/((-2)/19 - 0). Let c = s + f. Calculate l(c).
7
Let c(b) be the third derivative of 1/6*b**4 - 12*b**2 + 0 + 0*b + 1/120*b**6 + 1/2*b**3 + 1/10*b**5. Give c(-5).
8
Let x = -17 + 20. Suppose 4*v - 60 = x*b, v + 5*b = -8 - 0. Let i = 9 - v. Let n(t) = t**3 + 2*t**2 - 5*t - 4. What is n(i)?
2
Let f(l) = -4*l**3 + l + 1. Suppose 3*x + 1 = 7. Suppose -c - x*b + 0*b + 6 = 0, -2*c = -3*b + 9. Suppose 2*z - 2 + 4 = c. Determine f(z).
4
Let v(p) = -4*p - 46. Let u be v(-12). Let b be ((-2)/(-3))/((-2)/(-6)). Let o(d) = -d**3 + 0*d + 5*d**b - 4*d + 2*d - u*d. Determine o(3).
6
Let u(p) = p - 5. Let w be (192/10)/(-12)*10/4. Calculate u(w).
-9
Let t(d) be the second derivative of 1/12*d**4 + 0 - d + 2*d**2 + 7/6*d**3. Suppose 52*b - 56*b = -5 + 29. What is t(b)?
-2
Let o(v) = -v + 2. Let r(t) = 4*t - 7. Let j(y) = 14*o(y) + 4*r(y). Give j(-4).
-8
Let m(t) = t**2 + 4*t - 4. Suppose 4*l + 8 = 0, q = 4*q - 3*l - 21. Give m(q).
41
Let a be -7 - (4 + 92/(-8)). Let o(b) be the second derivative of -1/2*b**4 - 3*b + a*b**2 - 5/6*b**3 + 0 - 1/20*b**5. Determine o(-5).
1
Suppose 4*p + 6 + 18 = 0. Let k(f) be the first derivative of f**4/4 + 5*f**3/3 - 2*f**2 + 6*f + 261. Give k(p).
-6
Let f(l) = -l**2 + 3*l + 3. Suppose -s = 3*u - 5, -2*s - u + 2*u = -10. What is f(s)?
-7
Let r(f) = -5*f. Suppose 12 = -2*j - 0. Let l(q) = -q. Let w(b) = j*l(b) + r(b). Determine w(-2).
-2
Let w(t) be the first derivative of -2*t**2 + 10*t + 316. Determine w(4).
-6
Let b(f) = 38*f - 1. Let h = -250 + 251. Calculate b(h).
37
Let w(z) be the third derivative of z**5/60 + 5*z**4/12 + 5*z**3/6 + z**2. Let m be w(-9). Let a(k) = 4 - 2*k - 2 - 7. Calculate a(m).
3
Let t(j) = -12*j**2 + 27*j - 26. Let f(i) = -2*i**2 + 5*i - 4. Let k(m) = -13*f(m) + 2*t(m). What is k(6)?
6
Let y(f) = 0*f**2 - 1 + 3*f**2 + 0*f**2. Let g(b) = 10*b**2 + b - 2. Let o = 57 + -59. Let n(r) = o*g(r) + 7*y(r). Determine n(4).
5
Let y = -251 + 259. Let d(v) = v**2 - 3*v - 1. What is d(y)?
39
Suppose 39 = 3*u - 0*u. Let x(o) = -u + 2*o + 3*o - 4*o. Suppose 0 = -2*k + 2*j + 10, 1 = 3*j - 2*j. Calculate x(k).
-7
Let y(n) be the third derivative of n**4/8 - 90*n**2. Determine y(-1).
-3
Let b(m) = 7*m**2 - 3*m + 10. Let n(r) be the second derivative of -r**4/4 + r**3/6 - 5*r**2/2 + 33*r. Let h(k) = -2*b(k) - 5*n(k). Give h(0).
5
Let w(j) = 10*j + 58. Let f(g) = 4*g + 19. Let r(n) = 11*f(n) - 4*w(n). Calculate r(6).
1
Suppose v - 3*v = 0. Let t(o) = -7*o - 4. Let d(r) = -5*r - 5. Let f(u) = 3*d(u) - 2*t(u). What is f(v)?
-7
Let f(r) = -10*r**2. Let q(v) = 7*v**3 + v. Let j be q(1). Let k = 10 - j. Suppose p + k = -p. What is f(p)?
-10
Let j(s) = 4*s**3 - 3*s**2 - 6*s + 3. Let y(t) = -9*t**3 + 6*t**2 + 13*t - 6. Let w(i) = 7*j(i) + 3*y(i). Let r be -2 - (-4)/(8/10). Give w(r).
-6
Suppose 2*h - j = -6, -5*h + j - 8 = 2*j. Let a(q) = -13*q. Let w(x) = -55*x + 1. Let u(l) = -9*a(l) + 2*w(l). Calculate u(h).
-12
Let f be 10/(-15)*9/(-6). Let o(k) = -1 - 11*k - 16*k + 46*k - 18*k. Calculate o(f).
0
Suppose 6 = -f + 2*g, -4*f = -5*g + 11 + 1. Let v(s) be the second derivative of s + 5/6*s**3 + 0 + 3/2*s**f - 1/12*s**4. Determine v(6).
-3
Let a(o) = 11*o + 8*o + 2*o - 19*o. Give a(8).
16
Suppose 2*v - 12 = -2*v. Suppose -9 = -v*x - 0. Let f(y) be the third derivative of y**6/120 - y**5/30 - y**4/8 + 12*y**2. Give f(x).
0
Let r(j) be the first derivative of -3*j**2 + 6 + 1/2*j**3 + 1/60*j**5 - 7/24*j**4 + 0*j. Let t(f) be the second derivative of r(f). Determine t(6).
-3
Let d = -19 + 21. Suppose -d*g = -4*q - 32, 2*q - 5*q - 19 = g. Let c(s) = -s**2 - 6*s + 4. What is c(q)?
-3
Let d = 7 + 2. Let b = -7 + d. Let f(k) = -k**b + 12*k - k**3 - 13*k + 2 + 2. What is f(0)?
4
Let b(y) be the first derivative of y**2 - y - 96. Let d be ((-8)/2)/(-2*1). Suppose d*s - 1 = 3*s. Calculate b(s).
-3
Let c(b) = b**3 - 8*b**2 - 2*b + 14. Let i be ((-4)/(-10))/(6/120). What is c(i)?
-2
Let j(h) = h**2 - h - 2. Let x be 6*(-1 + (-2)/(-4)). Let c be x/(-6)*-1*(3 + -3). Give j(c).
-2
Let d be -3 + (-6)/9*3. Let x(i) = -10*i**3 - 8*i**2 + 10*i + 1. Let w(z) = -3*z**3 - 3*z**2 + 3*z. Let y(f) = -7*w(f) + 2*x(f). Calculate y(d).
7
Let b(g) = 2 + 0*g + g + 1. Let o = -479 + 476. Calculate b(o).
0
Let a(u) = -2*u + 1. Let d(z) = -z**2 - 2*z - 1. Let o(l) = -a(l) - d(l). Determine o(-3).
-3
Suppose -95 = -0*b + 5*b. Let r = -11 - b. Let f(i) = -r*i - 21 + 8 - 2*i**3 + 8 + i**3 - 7*i**2. What is f(-6)?
7
Let n(k) = 3*k - 6. Let y be 216/(-28) + (-6)/21. Let i be n(y). Let g = i + 31. Let v(d) = -16*d - 1. Calculate v(g).
-17
Suppose 20 = 7*w - 2*w. Suppose 0 = w*b - 10 + 26. Let a = 3 + b. Let u(h) = 14*h. Give u(a).
-14
Let b(l) = -2*l - 4. Suppose -u + 3 = -7. Let z be (-3 + 4)*(2 - -8) + -4. Let w be 15/u*(-16)/z. What is b(w)?
4
Let c = -176 + 80. Let u be c/(-5) + (-11)/55. Let o = -18 + u. Let f(a) = -4*a**2 + a - 1. What is f(o)?
-4
Let q(l) = -l**2 + 10*l - 3. Let h(m) = 2*m**2 - 18*m + 6. Let v(n) = 3*h(n) + 5*q(n). Give v(6).
15
Let g(u) = -2*u**3 - 12*u**2 - 2*u - 19. Let z be g(-6). Let r(f) = -f**2 - 6*f - 8. What is r(z)?
-15
Let h(z) = z**3 - 4*z**2 + 3. Let y be 36*1/((-8)/6). Let j = -24 - y. Calculate h(j).
-6
Suppose -w - i - 2 = 0, 4 - 6 = w - 3*i. Let h(l) be the second derivative of 7*l**3/6 + 3*l**2/2 - 7*l. Determine h(w).
-11
Let m = -10 - -15. Suppose 2*v - 22 = 6*v + 2*z, m*v + 22 = 3*z. Let a(w) = 0 + 3*w**2 - 2*w**2 - 7 + 2*w. Determine a(v).
8
Let i(f) = -f**3 - 5*f**2 - f + 2. Let y(m) = m**2 - 8*m - 11. Suppose 0 = -4*v - 20, -3*x + 4*v + 36 = -x. Let o be y(x). Let r = 7 + o. What is i(r)?
-10
Let v(g) be the third derivative of g**5/60 + g**4/6 - g**3/6 - 38*g**2. Let x(c) = c**3 + 9*c**2 + 8*c - 5. Let m be x(-8). Determine v(m).
4
Let b be (4 - 0)/((-4)/2). Let v be b/(-6)*(3 + 0). Let m(o) = -5*o**2 + 2*o - 1. Calculate m(v).
-4
Suppose 5*l + 192 = 202. Let b(g) = -1 - 3*g + 5 - 2. Give b(l).
-4
Let d(f) = -4 - f + 72*f**2 + 0*f - 142*f**2 + 71*f**2. Give d(5).
16
Suppose 0 = -3*i + 2*i + 4*t - 12, -i - 2*t + 12 = 0. Let w(z) be the second derivative of -1/3*z**3 - 1/12*z**i + 5/2*z**2 + 0 + z. Calculate w(-4).
-3
Suppose -z - 2 = 0, 2*u + 5*z + 1 = -3. Let v(k) = 12 + u - 16 + 5 + k. Determine v(3).
7
Let q(c) = 28*c - 28. Let k be q(1). Let t(v) be the third derivative of 1/24*v**4 - 1/3*v**3 + 4*v**2 + k*v + 0. Give t(2).
0
Let y(t) = -3 + 6 + 2*t - 1. Let u(a) = 33*a - 2875. Let r be u(87). Determine y(r).
-6
Let t(v) be the third derivative of v**4/8 - 8*v**3/3 + 73*v**2 + v. Determine t(11).
17
Let k(y) be the second derivative of -y**5/20 + y**4/3 - y**3/3 + y**2/2 + y + 24. Calculate k(3).
4
Let g(u) be the third derivative of -u**5/30 - u**4/6 - 7*u**3/6 - 2*u**2. Let z(s) = -2*s**2 - 5*s - 7. Let q(l) = -2*g(l) + 3*z(l). Determine q(-5).
-22
Suppose 2*z = 3*x + 6*z - 20, -2*x - 5 = -z. Suppose 2*a + 22 = -3*v + 4*a, x = 2*v + 5*a - 17. Let m(s) = -s**2 - 1. Determine m(v).
-17
Suppose 12 = -28*w + 26*w. Let x(l) = 2*l**2 + 8*l + 1. What is x(w)?
25
Suppose 7*p = -p. Let v(f) = f**3 + f**2 + f + 4. Give v(p).
4
Let n(q) = 3*q**3 - 2*q**2 - 3*q + 2. Let x(y) = y**3 + 6*y**2 + y + 8. Let f be x(-6). Let t be (40/9)/f + (-8)/36. What is n(t)?
12
Let z(j) = -j**2 + 5*j - 8. Let n be z(3). Let x(m) be the second derivative of -m**4/6 - m**3/2 - m**2/2 + m. Calculate x(n).
-3
Let n(k) be the first derivative of -k**3/3 + 5*k**2 + 10*k - 42. What is n(11)?
-1
Let b(f) = -f**2 + 4*f. Let t be (1 - 3)/((-6)/9). Suppose -2*s = g + t*g - 74, -2*g - 2*s + 42 = 0. Suppose 0 = 2*q + o - 4, -4 + g = -3*o. Determine b(q).
0
Suppose 7*t - 3*t + 13 = 5*b, -t = b + 1. Let j(v) = 2*v**2 - 1. Let f(h) = -40*h**2 + 24. Let a(u) = 2*f(u) + 48*j(u). Determine a(b).
16
Let b(o) be the second derivative of -3*o**2 - 5/6*o**3 + 0 + 1/12*o**4 + 4*o. Calculate b(5).
-6
Let b(c) = -c**3 + 3*c**2 + 1. Let z(n) = 23*n - 40. Let v be z(3). Suppose 3*u = -4*g + 2*g + 18, 3*g + 5*u = v. Give b(g).
1
Suppose 0 = 17*d - 8 + 76. Let r(a) = 3*a**